f o?
2, 9043
Suppose 4*d - n = 11062, 57*n - 5536 = -2*d + 60*n. What are the prime factors of d?
5, 7, 79
Suppose 5*s - 3*c + 9875 = 10*s, -2*s + 3964 = 4*c. List the prime factors of s.
2, 17, 29
Let x(z) = 2*z**2 - 11*z + 3. Suppose 2*i - 15 - 1 = 0. Suppose -k + i = -0. List the prime factors of x(k).
43
What are the prime factors of ((-282)/(-564))/((-794211)/(-397104) + -2)?
2, 8273
Suppose 2*j + 5*q = -13171 + 66463, 5*j = -q + 133253. List the prime factors of j.
29, 919
Let k be 0/(-8 + 4) + 0/(-4). Let h(j) = j**3 - 9*j**2 - j + 467. What are the prime factors of h(k)?
467
Suppose 5*j = -3*q + 45172, 79*j - 84*j + 45152 = -2*q. List the prime factors of j.
2, 1129
Suppose 6750 = 4*g - 5*f, -74*f + 2 = -75*f. List the prime factors of g.
5, 337
List the prime factors of (-209)/33 - 4/6 - -7220.
7213
Let b = -17143 + 34618. What are the prime factors of b?
3, 5, 233
Suppose r - c - 377 = -3*r, 0 = -3*r + 5*c + 270. Let l = r + -91. What are the prime factors of (71 - -10) + -1*l?
7, 11
Let h(r) = -3*r**3 + 16*r**2 - 54*r - 17. Let k be h(11). Let p = k - -4193. List the prime factors of p.
5, 61
Let h(l) = -l**3 + 6*l**2 + 7*l + 6. Let c be h(7). Suppose m = c - 5. Let r(q) = 11*q**2 + q - 1. List the prime factors of r(m).
11
Suppose -17*k + 46984 = -14*k + 4*c, 4*k = -2*c + 62652. List the prime factors of k.
2, 11, 89
Suppose -5*k - 3*p = -0*p - 6604, -5*k + 6613 = 6*p. Let r = k + -576. List the prime factors of r.
743
Suppose 3*j + 4 = 4*x + 7*j, 7 = 4*x + 3*j. What are the prime factors of (-234)/(-156) + 2242/x?
2, 281
Let x(u) = -24*u + 16. Let d be x(0). Suppose d*c - 8495 - 3265 = 0. What are the prime factors of c?
3, 5, 7
Suppose -3*c = 4*q - 324, 3*c - 3*q = -c + 457. Suppose -2*y + c = 2*y. Suppose -55 = -g + y. List the prime factors of g.
83
Let z(r) = r**3 - 6*r**2 + 8*r - 533. List the prime factors of z(23).
2, 2161
Suppose -3*h - 18851 = -5*x + 12609, 10492 = -h - x. What are the prime factors of 9/(-6)*h/15?
1049
Let x be (4/8 + 2)/((-5)/10). Let b be (-73*(-3)/x)/(7/(-70)). Suppose 3*s = 3*h + b, s = -3*h + 121 + 37. List the prime factors of s.
149
Suppose 3 + 14 = y. Suppose -2*b - 6 = 2*t - 8, -3*b = -2*t + y. Suppose -548 = j - 6*j + t*o, 0 = -4*j - o + 430. What are the prime factors of j?
2, 3
Let u(n) be the second derivative of 3*n**4/4 + 5*n**3 + 15*n**2/2 - 3*n. What are the prime factors of u(-7)?
2, 3, 41
Let p be 5294/((-3)/(-3) + -3). Let l = p + 3911. Suppose k - l = -7*k. What are the prime factors of k?
2, 79
Let n be 2 + (2/(-17) - (-81790)/170). Suppose q - 2*f = n, -f - 948 = -2*q - 6*f. List the prime factors of q.
479
Suppose -5*y - 25 = -5*q, -2*q + 13 = q - y. Suppose -x - 4*j = -47, 5*j = q*x + 2*j - 207. Let n = x + -17. List the prime factors of n.
2, 17
Let q be -7*33/(-45) + (-6)/45. Suppose s + 1 = q*l + 18, -l - 19 = 5*s. List the prime factors of l/10 - (-1588)/20.
79
Let j = 14869 + 25. What are the prime factors of j?
2, 11, 677
Let i(j) = j**3 + 24*j**2 - 30*j - 870. List the prime factors of i(28).
2, 59, 331
Let h be ((-12)/(-8))/(6/(-1404)*1). Let i = 437 + h. What are the prime factors of i?
2, 43
Let k be -3 + (-48)/(-3) - -2. Suppose 4*j + 120 = 5*n, 4*n + 28 = 5*j + 124. List the prime factors of (-4)/(-10) + n/k.
2
Let w(k) = -4*k - 8. Let j(n) = 5*n + 7. Let l(a) = -3*j(a) - 2*w(a). Let s(i) = -1. Let u(d) = -2*l(d) + 22*s(d). List the prime factors of u(9).
2, 3, 19
Let w = -17904 - -22016. List the prime factors of w.
2, 257
Let n be 23 - ((-5)/(-1) - 3). Suppose -n*l = 6*l - 41337. What are the prime factors of l?
1531
Suppose 16 = -4*u, 0*m - 2*m + 48 = -3*u. What are the prime factors of (21*(-6)/m)/(2/(-22))?
7, 11
Let j(p) = p**3 + 15*p**2 + 5*p + 30. Let i be j(-10). Suppose -q - 3 = 0, -4*k + 2557 = q + i. List the prime factors of k.
2, 5, 13
Suppose 0 = -1706*p + 1759*p - 513464. List the prime factors of p.
2, 7, 173
Suppose 5*k - 8 - 12 = 0. Let s(w) = -w**3 + 9*w**2 + 19*w - 61. Let u be s(6). Let n = u + k. What are the prime factors of n?
3, 5, 11
Let x = 887 - 2025. What are the prime factors of 68/(-12) + 6 + x/(-6)?
2, 5, 19
Let q(c) = 33*c**2 - 2*c + 3. Let f be q(1). Suppose -f + 6 = 7*o. What are the prime factors of ((-996)/(-16))/((-3)/o)?
83
Let z be ((-84)/98)/((-209)/(-210) - 1). Let y = -81 + z. List the prime factors of y.
3, 11
Suppose -3*y - 5*b + 489 = 0, -2*b + 28 + 134 = y. List the prime factors of y.
2, 3, 7
Let q = 6374 - -1534. What are the prime factors of q?
2, 3, 659
Let x = 41 - 44. Let h be 60/8*(-8)/x. Suppose 5*c + 4*k = 54, 4*k - h + 8 = -2*c. What are the prime factors of c?
2, 7
Suppose -22 = -3*n + 2*q, n = -3*q - 0 + 11. What are the prime factors of (5/3)/(n/672)?
2, 5, 7
Let n = 1105 - 688. What are the prime factors of n - 5/(20/(-8))?
419
Let s(l) = 6*l + 21. Let g be s(-3). Suppose -4*m - 1121 = -5*c, -c = -g*m - 234 - 604. Let j = 482 + m. List the prime factors of j.
7, 29
Suppose 4*g + g = 345. Let j = g + -43. Suppose -4*k - j = -58. List the prime factors of k.
2
Suppose 17*t = 3*t + 3080. Suppose -2*h = 3*c - 360, 580 = 2*h + 2*c + t. What are the prime factors of h?
2, 3, 5
Let q = -98 - -92. Let p(d) be the third derivative of -d**4/3 - 3*d**3 + 7*d**2. What are the prime factors of p(q)?
2, 3, 5
List the prime factors of 5*(165953/4 - (-15)/20)/5.
7, 5927
Let v be (-215)/(-50) + 90/(-300). Let k(b) = 7 + 3*b**3 - 3*b**2 + 3*b - 5*b**3 + 4*b**3. List the prime factors of k(v).
3, 11
Suppose 0 = 4*v - 3*l - 58, 2*v - 20 = 9*l - 12*l. Suppose 8*g + 4065 = v*g. What are the prime factors of g?
3, 271
Let a = -3901 + 7225. List the prime factors of a.
2, 3, 277
Let r = -14 + 16. Let n be 11/4 + r/8. Suppose -n*s + 24 = 2*i, -5*s - 4*i = -5 - 33. What are the prime factors of s?
2, 5
List the prime factors of (59430 - 3)*1 - 5/(2 - 7).
2, 83, 179
Suppose -5*r + 1989 = -2*p, -4*r - 5*p + 1582 = -2*p. Let j = r - 219. List the prime factors of j.
2, 89
Let u(s) = -1068*s + 1062. List the prime factors of u(-12).
2, 3, 257
Let s(c) = -41*c**3 - 20*c**2 - 3*c - 97. List the prime factors of s(-8).
41, 479
What are the prime factors of 117*9/81 + 10269?
2, 53, 97
Suppose -5*s = 337 - 122. Let v = s - -44. Suppose b + m - 21 = 0, -m - 4 - v = 0. List the prime factors of b.
2, 13
Suppose 60*b - 75799 = -1447 + 40728. What are the prime factors of b?
2, 7, 137
Let b = 12004 + -4227. Suppose 33*m - 22*m = b. List the prime factors of m.
7, 101
Suppose -4*r = r - 95. Suppose -38*i = -13*i - 16 - 34. Suppose -m + s - i*s = -19, -m + r = 2*s. What are the prime factors of m?
19
What are the prime factors of (10 + 25/(75/88))*(-2586)/(-4)?
59, 431
List the prime factors of (-5 - -11)/1 - -301.
307
Let f(o) = 6372*o - 2150. List the prime factors of f(2).
2, 5297
Let k be -489 + (-3 - (0 + -5)). Let x = k - -734. List the prime factors of x.
13, 19
Let w = 199802 - 131470. What are the prime factors of w?
2, 11, 1553
Let w(j) = 3*j + 13. Let t be w(-6). Let f(n) = -n + 5. Let g(i) = i - 10. Let l(d) = 5*f(d) + 2*g(d). What are the prime factors of l(t)?
2, 5
Let l(m) = 3*m**3 - 32*m**2 + 48*m + 31. List the prime factors of l(14).
2663
Let b(s) = -66*s**3 - 23*s**2 - 86*s + 25. List the prime factors of b(-5).
2, 3, 5, 271
Let b be (-12)/(-18) - 326/(-6). Suppose -5*f + 6 = -14, w + 2*f - b = 0. Suppose -w = 5*g - 657. List the prime factors of g.
2, 61
Let p(r) be the first derivative of -r**2/2 + 108*r + 140. List the prime factors of p(-10).
2, 59
Let n(z) = -z**2 + 4*z + 4. Let v be n(4). Let q = -682 + 976. Suppose v*u = q - 62. List the prime factors of u.
2, 29
Let c = 36299 + -17863. What are the prime factors of c?
2, 11, 419
Let p = -619 - -4732. Suppose 227 + p = 7*a. Suppose -2*g - a = -6*g + 4*x, 3*x - 459 = -3*g. List the prime factors of g.
2, 7, 11
Let d(x) = 7*x + 87. Let j be d(-12). Suppose -964 = -j*m + 5*y, 5*m + y - 2*y - 1636 = 0. List the prime factors of m.
2, 41
What are the prime factors of 28/(-7) - (16274/(-1) - -3)?
16267
Let w be (10*7/175)/(2/(-10)). Let d(p) = -449*p + 47. What are the prime factors of d(w)?
3, 5, 7
Suppose 61610 = 9*v - 21313 - 29397. List the prime factors of v.
2, 3, 5, 13
Let c(v) = 8*v - 1. Let p(w) = -w. Let u(b) = -2*c(b) + 4*p(b). Let s be u(-5). What are the prime